it of u?
3
Let s = 55 + 12. What is the tens digit of s?
6
Let x = 37 - -28. Let z = x - 38. What is the units digit of z?
7
Let k(g) = g**3 + 7*g**2 + 6*g + 3. Suppose -11 = -2*r + l, 2*l = 2*r - r - 4. Let a(q) = -q**3 + 6*q**2 - 6. Let y be a(r). What is the units digit of k(y)?
3
Let a(b) = -4*b - 11 + b + 2*b. Let i be a(0). Let s = -5 - i. What is the units digit of s?
6
Let c(f) = -6*f - 4. Let i(y) = 1. Let x(h) = c(h) + 3*i(h). Let o be x(-1). Suppose 0 = o*b - 102 + 22. What is the tens digit of b?
1
What is the units digit of (6/(-9))/((-8)/6 - -1)?
2
Let f be 0 + 4 + 4 + -5. What is the units digit of 3/2*f*2?
9
Suppose -5*o + 4*f + 9 = 0, -3*o + 2*f - 3*f + 19 = 0. Let l be o/(-10) + (-33)/(-2). Let b = 3 + l. What is the tens digit of b?
1
Let i be 0/6*(-2)/6. What is the tens digit of 2 - i - -15*3?
4
Let v(p) = p**2 - 9*p - 8. Let w be v(10). What is the tens digit of (1 - (-8 + w)) + 3?
1
Suppose -5*i + 4*z + 18 = 0, -5*i + 5*z + 16 = -2*i. Suppose 5*u + 0*b = -5*b - 145, -i*b = 5*u + 130. Let o = u - -43. What is the units digit of o?
9
Let h(i) = -i - 6. Let t be h(-6). Suppose l + t*l + 3 = 0. What is the units digit of 7 + (8 - 2)/l?
5
Let y = -6 + 4. Let m = y - -2. Let r = m - -1. What is the units digit of r?
1
Let a(g) = 13*g**3 - g**2 + 4*g. What is the tens digit of a(2)?
0
Suppose 5*y - 31 = 24. What is the units digit of y?
1
Let j = 66 - 37. What is the units digit of j?
9
Suppose 4*c = -58 + 14. Let x(r) = -r**3 - 11*r**2 - r - 10. What is the units digit of x(c)?
1
Suppose 5 = -3*s + 17. Let q be ((-5)/(-2))/((-3)/(-6)). Suppose s*j + 37 = 4*k + j, q*k - j = 49. What is the tens digit of k?
1
What is the tens digit of 4 + (16 + 4 - -2)?
2
Let f(m) = -2*m**2 - 19*m - 5. What is the tens digit of f(-8)?
1
Suppose -3*v = -8*v + 15. Suppose -s - 2*k = -6, -6*s + 29 = -2*s + v*k. What is the units digit of s?
8
Let o(u) = -u - 12. Let c be o(-15). Suppose c = 2*t - 15. What is the units digit of t?
9
Let o(f) = f**3 - 4*f**2 + 2*f - 3. Let x be o(4). Let h = x - 2. Suppose -h*n + 1 + 5 = 0. What is the units digit of n?
2
Suppose 3*f - 24 = 5*f. Let s = -5 - 2. Let w = s - f. What is the units digit of w?
5
Suppose -2*t - 43 = -p, 3*p - 5*t = -2*p + 190. What is the tens digit of p?
3
Let l = 11 - -57. What is the tens digit of l?
6
Let v(x) = -3*x + 1. Let p(r) = r + 1. Let z(a) = 4*p(a) + v(a). Suppose -5*m - 16 = 4. What is the units digit of z(m)?
1
Let b be 96/(-18)*27/(-6). Suppose c + 18 = 5*d, 2*d = -d + c + 12. Suppose -o = -d*o + x + b, -5*x = 10. What is the units digit of o?
1
Suppose 4*o + 9 + 3 = -4*n, -4*n - 12 = -2*o. Let y be -13 - -6*(-4)/(-8). Let b = n - y. What is the units digit of b?
7
Let b(t) = 2*t**2 - 15*t + 27. What is the tens digit of b(7)?
2
Let y = -349 - -598. What is the tens digit of y?
4
Let r(q) = -5*q - 4. Let y be r(-6). Let h = 14 - y. What is the units digit of (2/3)/((-2)/h)?
4
Let l(i) = 32*i**3 - 4*i**2 - i + 1. What is the tens digit of l(2)?
3
Suppose -u - 8 = i, i - 5*u = 12 - 32. Let q(g) = -g**2 - 12*g - 7. What is the units digit of q(i)?
3
Suppose 5*n + 22 = 4*b - 7, 4*n + 20 = 0. Suppose -2*j + 2*k - 50 = -6*j, b = k. What is the tens digit of j?
1
Let h(v) = v**3 - 13*v**2 + 9*v - 18. What is the tens digit of h(13)?
9
Let u = 22 - 11. Suppose 2*m - u = -v - 0*m, -3*v + 5*m + 22 = 0. What is the units digit of v?
9
Let a = -15 + 15. Suppose 3*s - 8*s = -4*j - 70, s + 4*j + 10 = 0. Let m = s + a. What is the units digit of m?
0
Let s = 38 + -19. What is the tens digit of s?
1
Let l = 46 - -61. What is the tens digit of l?
0
Let x(s) = -s**3 + 8*s**2 + 2. Let r be x(8). Suppose 0 = 4*h - 2*v - 16, -v - 1 = -h - r*v. What is the units digit of -5 + h + -1 - -11?
8
Suppose 63 = 3*c - 108. Let u = -32 + c. What is the tens digit of u?
2
Let t(s) = -4*s - 2. Let o be t(-2). Let h = o + -3. What is the units digit of h?
3
Let s be 3*((-6)/9 + 0). What is the units digit of 0 - s - (4 + -5)?
3
Let b(i) = i**3 + 11*i**2 + 4*i - 8. What is the tens digit of b(-10)?
5
Suppose -a = 2*o - 73, -a + 115 = 3*o + 8. Let c = -23 + o. What is the units digit of c?
1
Let g = -9 + 11. Suppose -4*k - g*o = -29 - 9, 5 = -o. Let x = k + 3. What is the tens digit of x?
1
Suppose 3*z = 2*z - 4*c + 35, 2*z = -5*c + 55. Suppose 0 = -5*j + z, 4*n + 4*j = -n + 62. What is the units digit of n?
0
Let j(b) = -b**2 + 7*b - 8. Let c be j(6). Let m(z) = -z**3 - 1. What is the units digit of m(c)?
7
Let x be (2 - -1)/((-9)/(-42)). Suppose -4*r + x = 6. What is the units digit of r?
2
Suppose 0 = 3*q - 1 + 4. Let f = q + 5. What is the units digit of f?
4
Let u(g) = -g**3 - 3*g**2 + 4*g + 4. Let i be u(-4). Suppose i*k - 5*k = 24. What is the units digit of k/(-3) - (0 - -1)?
7
Suppose -4*f + 33 = -2*m + 5, 0 = f - 5*m - 16. Let r be 111/f - (-2)/4. Suppose o = -2*p + 11, 5 = -3*p + o + r. What is the units digit of p?
5
Let q(x) be the second derivative of -6*x**5/5 + x**4/12 + x**3/6 + x**2/2 - 3*x. Let y be q(-1). Let v = -14 + y. What is the units digit of v?
1
Let o = -68 - -109. What is the units digit of o?
1
Let u = 2 - -1. Suppose 9*a + 5*p + 45 = 4*a, u*a + 15 = p. Let r = -4 - a. What is the units digit of r?
2
Let g(n) = 7*n - 4. Let o(w) = 3*w - 3. Let k be o(2). What is the units digit of g(k)?
7
Let c = 140 - -14. What is the units digit of c?
4
Let d = -7 - -10. Suppose -d*j + 11 = -10. What is the units digit of (-2)/j*(-4 - 3)?
2
Let n(d) = -d**3 - 10*d**2 - 11*d - 18. Let r be n(-9). Suppose 93 = -r*t + 3*t. What is the units digit of t?
1
Let b(h) = h. Let w be b(6). Let n(k) = -k - 3*k**2 + 0*k**2 - 3*k**2 + k**3 + 8. What is the units digit of n(w)?
2
Let s = 73 - 42. What is the units digit of s?
1
Let z = 27 + -9. Let l = 5 + -3. Suppose -4*r + 4*u + z = -l, -r - 3*u = -9. What is the units digit of r?
6
Let s(y) = 5*y**2 - 3*y + 2. Let l be s(1). Suppose -5*d + 145 = 5*h, -l*d = 5*h - 129 - 18. What is the units digit of h?
1
Let i(s) = s - 3. Let f be i(5). Suppose -10 = -0*y - f*y. What is the units digit of y?
5
Let w = 7 - 5. Let p be (-3)/w*(-8)/(-3). Let n = 2 - p. What is the units digit of n?
6
Let g(f) be the first derivative of -f**3/3 + 17*f**2/2 - 14*f + 9. What is the tens digit of g(15)?
1
Let z be 0/((-3 - -9)/(-3)). Suppose 0*y + 4*y - 60 = z. What is the tens digit of y?
1
Let s(z) be the second derivative of z**4/6 + z**3/6 - 3*z**2/2 + 3*z. Let o be s(-3). Let k = o + -1. What is the tens digit of k?
1
Suppose 0 = -4*k - 4*v + 3*v + 547, 4*v + 396 = 3*k. What is the hundreds digit of k?
1
Let v be 4/(-3)*(3 + -6). Suppose 0 = -v*a + 12, f = 3*a + 2*a - 7. What is the units digit of f?
8
Let t(k) = -k**3 + 5*k**2 + 8*k - 9. Let j be t(6). Suppose q - 15 = -j*q - l, l = 3. Suppose -15 = -3*y + o, y - 25 = -4*y + q*o. What is the units digit of y?
5
Suppose h + 620 = 5*u + 4*h, 4*u - 503 = -h. What is the units digit of u?
7
Let a be ((-3)/4)/(3/12). Let p(u) = -u**2 - 12*u + 7. Let g(i) = 2*i**2 + 13*i - 8. Let l(t) = a*p(t) - 2*g(t). What is the units digit of l(9)?
4
Suppose 2*m + 37 = 6*m + 5*v, 3*v = 5*m. Suppose -2*h + 2*o = 12, 0*h + m*o = -h + 10. Let i = h - -6. What is the units digit of i?
4
Suppose -2 = -5*r + 63. What is the units digit of r?
3
What is the units digit of 5/(-25) + 162/10?
6
Let b(k) = k**3 + 2*k**2 + 4*k + 4. Let g be b(-3). Let y(l) = l**3 + 2*l**2 - 6*l - 2. Let i be y(-4). Let q = i - g. What is the units digit of q?
7
Let u = 29 - 10. Let a = -7 + u. What is the tens digit of a?
1
Let v = 13 - -11. Let c = v + -13. What is the units digit of c?
1
Let n(q) = q**2 - 5*q + 6. Let v be n(4). What is the units digit of 4*v/20*5?
2
Suppose 2*s + 18 = 2*f, -5*f - 4*s + 47 = -34. Let x = f - -1. Let i = x + -8. What is the units digit of i?
6
Let i be -4*1/(3/18). Let k be (-3)/(i/(-10))*-4. Suppose 0*p - 65 = -k*p. What is the tens digit of p?
1
Let i(b) = 4 + 5*b + 4*b**2 - 2*b**2 - 2. Let u be i(-3). Suppose 0 = -l + 2*o + 9, u*o = l - 2*l - 12. What is the units digit of l?
3
Let d = 1 + 1. Suppose x - d*t - 4 = 0, 5*x - 20 = -4*t + 2*t. Let l(w) = w + 3. What is the units digit of l(x)?
7
Let f = -17 + 33. Suppose 4*o - 48 = -f. What is the units digit of o?
8
Let o(p) be the first derivative of p**4/24 - p**3/6 + p**2/2 - 2.